{"id":34,"date":"2018-07-20T01:18:26","date_gmt":"2018-07-20T04:18:26","guid":{"rendered":"http:\/\/www.ctacargo.com.br\/eng\/?page_id=34"},"modified":"2023-04-19T12:12:20","modified_gmt":"2023-04-19T15:12:20","slug":"history","status":"publish","type":"page","link":"http:\/\/ctacargo.com.br\/eng\/history\/","title":{"rendered":"HISTORY"},"content":{"rendered":"<p>A CTA &#8211; Cargo Travel Air International foi criada no Brasil em 1986 por Gianpaolo Ceruti, fundador do Grupo ALHA na It\u00e1lia.\u00a0 E, desde o seu in\u00edcio, foi autorizada pelo antigo DAC &#8211; Departamento de Avia\u00e7\u00e3o Civil a prestar Servi\u00e7os Auxiliares de Transporte A\u00e9reo \u00e0s Empresas A\u00e9reas em todo o Territ\u00f3rio Brasileiro atrav\u00e9s do Registro n\u00famero 0002\/86.<\/p>\n<p>Com mais de 30 anos prestando servi\u00e7os para grandes companhias a\u00e9reas nos principais Aeroportos Brasileiros, adquiriu grande experi\u00eancia atuando como:<\/p>\n<p>\u2022\u00a0Agente de\u00a0Handling Documental \/ Documental Handling Agent &#8211; manuseio de documenta\u00e7\u00e3o e procedimentos aduaneiros<\/p>\n<p>\u2022\u00a0\u00a0Agente de Atendimento em Terra \/ Ground Handling Agent (GHA).<\/p>\n<p>\u2022 Assist\u00eancia em Pista.<\/p>\n<p>As Equipes s\u00e3o treinadas e qualificadas para prestar servi\u00e7os de acordo com os elevados padr\u00f5es das Empresas A\u00e9reas e cumprir as Regulamenta\u00e7\u00f5es e Normas da IATA , da ANAC e dos operadores aeroportu\u00e1rios. Atualmente mantemos escrit\u00f3rios nos Aeroportos de Guarulhos, Viracopos e Gale\u00e3o.<\/p>\n","protected":false},"excerpt":{"rendered":"<p>A CTA &#8211; Cargo Travel Air International foi criada no Brasil em 1986 por Gianpaolo Ceruti, fundador do Grupo ALHA na It\u00e1lia.\u00a0 E, desde o seu in\u00edcio, foi autorizada pelo antigo DAC &#8211; Departamento de Avia\u00e7\u00e3o Civil a prestar Servi\u00e7os Auxiliares de Transporte A\u00e9reo \u00e0s Empresas A\u00e9reas em todo o Territ\u00f3rio Brasileiro atrav\u00e9s do Registro [&hellip;]<\/p>\n","protected":false},"author":1,"featured_media":50,"parent":0,"menu_order":0,"comment_status":"closed","ping_status":"closed","template":"template-institucional.php","meta":[],"_links":{"self":[{"href":"http:\/\/ctacargo.com.br\/eng\/wp-json\/wp\/v2\/pages\/34"}],"collection":[{"href":"http:\/\/ctacargo.com.br\/eng\/wp-json\/wp\/v2\/pages"}],"about":[{"href":"http:\/\/ctacargo.com.br\/eng\/wp-json\/wp\/v2\/types\/page"}],"author":[{"embeddable":true,"href":"http:\/\/ctacargo.com.br\/eng\/wp-json\/wp\/v2\/users\/1"}],"replies":[{"embeddable":true,"href":"http:\/\/ctacargo.com.br\/eng\/wp-json\/wp\/v2\/comments?post=34"}],"version-history":[{"count":4,"href":"http:\/\/ctacargo.com.br\/eng\/wp-json\/wp\/v2\/pages\/34\/revisions"}],"predecessor-version":[{"id":141,"href":"http:\/\/ctacargo.com.br\/eng\/wp-json\/wp\/v2\/pages\/34\/revisions\/141"}],"wp:featuredmedia":[{"embeddable":true,"href":"http:\/\/ctacargo.com.br\/eng\/wp-json\/wp\/v2\/media\/50"}],"wp:attachment":[{"href":"http:\/\/ctacargo.com.br\/eng\/wp-json\/wp\/v2\/media?parent=34"}],"curies":[{"name":"wp","href":"https:\/\/api.w.org\/{rel}","templated":true}]}}